461 composite?
True
Is 647811413 a prime number?
False
Is 194853905 prime?
False
Is 1030884401 a composite number?
True
Is 2333686073 prime?
True
Is 51020111509 a prime number?
True
Is 3553855411 a composite number?
False
Is 647845073 a composite number?
True
Is 40986895813 prime?
True
Is 1352608237 a prime number?
True
Is 1533246307 a composite number?
True
Is 559040245 a prime number?
False
Is 20273321003 a prime number?
False
Is 12364135781 a prime number?
True
Is 12700190281 a composite number?
False
Is 193650073 composite?
False
Is 48118281847 a prime number?
True
Is 363048313 prime?
True
Is 1469097761 prime?
False
Is 13143577157 prime?
False
Is 13604562793 a prime number?
False
Is 6178295273 a composite number?
False
Is 245156305 prime?
False
Is 22799455901 prime?
True
Is 151648477 composite?
False
Is 136269641 prime?
False
Is 7039279297 composite?
False
Is 1246761227 a prime number?
False
Is 6820923657 a composite number?
True
Is 176923093 a composite number?
True
Is 3734339489 a prime number?
True
Is 1059496843 prime?
True
Is 519772551 prime?
False
Is 21648409199 a composite number?
False
Is 897988759 a composite number?
True
Is 212754721 a prime number?
True
Is 5359577453 composite?
False
Is 1515213167 a composite number?
True
Is 11144861641 composite?
False
Is 1484431927 prime?
False
Is 41798922721 composite?
False
Is 94937177 a composite number?
False
Is 1019068103 composite?
False
Is 26163539977 a composite number?
False
Is 5986367323 prime?
True
Is 399205389787 a composite number?
False
Is 40620836669 prime?
False
Is 41543548195 a prime number?
False
Is 339092421121 a prime number?
True
Is 4070477794 prime?
False
Is 5598103787 a prime number?
False
Is 6654227171 prime?
True
Is 87649180439 a composite number?
False
Is 3010623277 composite?
False
Is 337929589 a composite number?
False
Is 16737451 prime?
False
Is 444877393 a composite number?
False
Is 1120174679 composite?
True
Is 1179387407 a composite number?
True
Is 1951736011 a prime number?
False
Is 667943971 composite?
True
Is 8593145427 composite?
True
Is 6278790781 a prime number?
True
Is 6605181857 composite?
True
Is 1428044827 a prime number?
False
Is 56620394 prime?
False
Is 1991579083 a composite number?
True
Is 760782959 a composite number?
True
Is 636487987 a prime number?
False
Is 75459997 a prime number?
False
Is 473505691 composite?
False
Is 851482934 a composite number?
True
Is 608162647 a prime number?
False
Is 272990317 a composite number?
True
Is 51809607791 a composite number?
False
Is 17670367649 composite?
True
Is 31540459579 a prime number?
False
Is 736729471 composite?
False
Is 33563759171 a composite number?
True
Is 7321777133 a prime number?
False
Is 67375725829 prime?
True
Is 17104073911 composite?
False
Is 1397180391 prime?
False
Is 3723074303 prime?
False
Is 2419029299 composite?
False
Is 376458113 prime?
True
Is 23887651 a prime number?
True
Is 28150305637 a composite number?
True
Is 34770150263 a prime number?
False
Is 642984343 a prime number?
False
Is 764612933 prime?
False
Is 12829721923 composite?
True
Is 109888979401 prime?
False
Is 2736917273 prime?
True
Is 7299647293 prime?
True
Is 348102331 prime?
False
Is 58787588137 a prime number?
True
Is 31367386419 a composite number?
True
Is 1028381873 a composite number?
False
Is 1212884221 prime?
False
Is 85646888207 a prime number?
False
Is 779545973 prime?
False
Is 2174841217 a composite number?
False
Is 26866424119 a prime number?
True
Is 19143119 a composite number?
True
Is 167940061 a prime number?
False
Is 216864281 a prime number?
False
Is 4971513907 a composite number?
True
Is 11177090786 a prime number?
False
Is 137481173 composite?
False
Is 9024012229 a composite number?
False
Is 269927431313 a composite number?
False
Is 3403357109 composite?
True
Is 22498544857 prime?
True
Is 2201636401 a prime number?
True
Is 1617551123 prime?
True
Is 28926447019 prime?
False
Is 3937329553 prime?
True
Is 105042224449 prime?
True
Is 27622650903 a composite number?
True
Is 505177793 prime?
True
Is 20512244663 prime?
True
Is 14678937701 prime?
True
Is 9616180247 prime?
True
Is 21279880759 prime?
True
Is 9330395437 prime?
False
Is 163921077823 a composite number?
True
Is 34659671491 a composite number?
False
Is 982256477 prime?
False
Is 976163831 composite?
False
Is 9869320759 a prime number?
False
Is 25700584933 composite?
True
Is 7592741017 prime?
True
Is 422826221 composite?
False
Is 11396945273 a composite number?
True
Is 396652951 a prime number?
True
Is 13194307199 a composite number?
True
Is 918872441 a prime number?
True
Is 44514283217 composite?
False
Is 14197062683 composite?
False
Is 377020129 prime?
False
Is 52532977 prime?
False
Is 133636487051 a composite number?
True
Is 549738491 a prime number?
True
Is 36640560179 composite?
False
Is 1536289319 a composite number?
False
Is 2717806649 a prime number?
True
Is 3501865981 composite?
False
Is 47867796577 prime?
True
Is 393144419 composite?
True
Is 6048091033 prime?
False
Is 238226695053 a composite number?
True
Is 496602749 prime?
False
Is 2299592005 composite?
True
Is 73668883 prime?
False
Is 3977459273 composite?
False
Is 9087827417 a prime number?
True
Is 23157089 composite?
False
Is 178732427 composite?
False
Is 25201229749 composite?
False
Is 36297822331 composite?
False
Is 3075722849 prime?
False
Is 348307937 prime?
False
Is 7519741 composite?
False
Is 1677261299 prime?
False
Is 2242214389 composite?
False
Is 9785907673 a composite number?
False
Is 2478347293 prime?
True
Is 1108621727 a composite number?
True
Is 2311121783 a prime number?
False
Is 307602277 composite?
False
Is 4896103307 composite?
True
Is 73358480311 a prime number?
True
Is 474709837 prime?
False
Is 2974790789 a composite number?
False
Is 575747509 a prime number?
False
Is 9393620377 a prime number?
True
Is 5509631047 a prime number?
True
Is 1086710717 a prime number?
False
Is 1560922981 prime?
False
Is 24630879099 a composite number?
True
Is 333103584407 a prime number?
False
Is 1094977441 a composite number?
False
Is 17211477341 prime?
True
Is 1027048291 a composite number?
False
Is 2927427539 a prime number?
True
Is 33140055502 a composite number?
True
Is 8385350549 a composite number?
True
Is 83267559629 a composite number?
False
Is 11596226651 a composite number?
True
Is 1486691197 composite?
False
Is 2166017393 a composite number?
False
Is 174067403891 composite?
False
Is 5440307633 a prime number?
True
Is 868760869 a prime number?
False
Is 243549680965 a prime number?
False
Is 24769791317 a composite number?
False
Is 838092179 a prime number?
True
Is 13797899419 composite?
False
Is 7597964333 prime?
False
Is 97573414865 composite?
True
Is 10792273301 prime?
True
Is 74186978851 a prime number?
True
Is 17632300799 composite?
True
Is 83036483143 a prime number?
True
Is 55931438581 prime?
True
Is 3575812159 a composite number?
True
Is 1206187067 a composite number?
True
Is 8007054647 composite?
True
Is 78914438069 prime?
True
Is 1574191373 a composite number?
True
Is 48422909 prime?
True
Is 202934435479 composite?
False
Is 427460947 a prime number?
True
Is 28075472627 a composite number?
False
Is 576457653 prime?
False
Is 653875109 a prime number?
False
Is 931157707 composite?
False
Is 678455719 a composite number?
True
Is 280692169 a prime number?
True
Is 2098771163 prime?
True
Is 4189676353 a prime number?
True
Is 28970245427 composite?
False
Is 1156466209 a composite number?
True
Is 2392324987 a prime number?
False
Is 4013259935 composite?
True
Is 14404258621 composite?
True
Is 5131535919 composite?
True
Is 3774408411 a composite number?
True
Is 159640909 a composite number?
True
Is 1097107009 a composite number?
False
Is 1065318413 a prime number?
False
Is 2600848087 a prime number?
True
Is 1820837771 prime?
False
Is 22689342033 composite?
True
Is 105758290151 prime?
False
Is 956756491 a composite number?
False
Is 937189507 a composite number?
True
Is 181616161 a composite number?
True
Is 394697543 composite?
True
Is 52491909521 a prime number?
False
Is 979878217 a composite number?
False
Is 52328258321 composite?
True
Is 1577452777 a composite number?
False
Is 118364611 a prime number?
True
Is 11607869311 a composite number?
False
Is 2779206613 a prime number?
Tru